rt 10 (base 5) to base 10.
5
Convert 13 (base 16) to base 3.
201
Convert -132 (base 5) to base 3.
-1120
Convert -11 (base 8) to base 10.
-9
What is 1 (base 4) in base 16?
1
What is 100011 (base 2) in base 13?
29
Convert -10 (base 11) to base 16.
-b
-1 (base 3) to base 8
-1
What is -c (base 13) in base 8?
-14
Convert 1 (base 6) to base 5.
1
Convert 1 (base 2) to base 6.
1
-9 (base 16) to base 14
-9
What is 3 (base 12) in base 11?
3
Convert -3 (base 9) to base 4.
-3
-1032 (base 6) to base 3
-22202
Convert -1 (base 9) to base 16.
-1
Convert 0 (base 15) to base 2.
0
Convert 1 (base 2) to base 6.
1
What is 12 (base 10) in base 12?
10
What is 131 (base 5) in base 16?
29
Convert -2 (base 12) to base 11.
-2
What is -51 (base 7) in base 8?
-44
4 (base 16) to base 14
4
Convert 251 (base 6) to base 16.
67
Convert -6 (base 8) to base 12.
-6
What is -13 (base 7) in base 14?
-a
1010 (base 2) to base 7
13
Convert 2301 (base 4) to base 11.
151
Convert 2 (base 12) to base 3.
2
Convert 10101001 (base 2) to base 7.
331
Convert -6 (base 9) to base 13.
-6
-133 (base 4) to base 3
-1011
Convert 6 (base 11) to base 6.
10
0 (base 13) to base 7
0
47 (base 9) to base 3
1121
5b (base 15) to base 6
222
-6 (base 16) to base 7
-6
-11 (base 8) to base 13
-9
What is -14 (base 5) in base 6?
-13
Convert 0 (base 13) to base 6.
0
What is -31 (base 11) in base 9?
-37
Convert -322 (base 4) to base 2.
-111010
Convert -a8 (base 11) to base 10.
-118
What is 8 (base 10) in base 11?
8
Convert -216 (base 10) to base 12.
-160
What is 152 (base 14) in base 3?
100221
Convert 90 (base 13) to base 10.
117
52 (base 6) to base 13
26
-168 (base 13) to base 8
-377
-3 (base 9) to base 12
-3
What is 3 (base 4) in base 5?
3
What is -6 (base 15) in base 9?
-6
-a (base 13) to base 12
-a
Convert -220 (base 6) to base 13.
-66
-26 (base 10) to base 15
-1b
What is 11 (base 3) in base 8?
4
2 (base 11) to base 3
2
What is 1032 (base 4) in base 6?
210
Convert -6 (base 12) to base 9.
-6
Convert 0 (base 4) to base 14.
0
80 (base 12) to base 8
140
Convert -110 (base 2) to base 7.
-6
Convert -4 (base 9) to base 7.
-4
Convert -11 (base 4) to base 8.
-5
What is 130 (base 5) in base 14?
2c
Convert -5 (base 16) to base 5.
-10
What is 2 (base 3) in base 10?
2
What is 5b (base 15) in base 6?
222
Convert 0 (base 5) to base 16.
0
2 (base 4) to base 12
2
Convert -2 (base 9) to base 7.
-2
Convert 3 (base 4) to base 7.
3
What is 1 (base 7) in base 13?
1
1110 (base 4) to base 7
150
What is 0 (base 8) in base 13?
0
Convert 72 (base 10) to base 7.
132
-1130 (base 5) to base 10
-165
111111 (base 2) to base 9
70
4 (base 10) to base 5
4
What is 28 (base 9) in base 5?
101
Convert 20101 (base 3) to base 5.
1142
Convert -9b (base 15) to base 10.
-146
Convert -22 (base 3) to base 10.
-8
8 (base 13) to base 15
8
What is 30 (base 9) in base 13?
21
10 (base 6) to base 8
6
What is -10 (base 7) in base 4?
-13
7 (base 13) to base 14
7
Convert -5 (base 11) to base 4.
-11
Convert 1 (base 10) to base 8.
1
What is 465 (base 8) in base 12?
219
What is 1 (base 6) in base 9?
1
Convert 1 (base 9) to base 15.
1
What is 9 (base 10) in base 9?
10
0 (base 4) to base 13
0
10 (base 3) to base 9
3
Convert 12 (base 5) to base 16.
7
Convert -1 (base 13) to base 9.
-1
What is 22 (base 3) in base 9?
8
Convert 1002 (base 3) to base 7.
41
Convert -136 (base 7) to base 10.
-76
-30 (base 5) to base 3
-120
What is 2022 (base 3) in base 7?
116
1 (base 11) to base 2
1
What is -12 (base 5) in base 9?
-7
What is -21 (base 6) in base 7?
-16
-264 (base 9) to base 13
-13c
-7 (base 11) to base 8
-7
What is -1 (base 12) in base 8?
-1
What is 3 (base 8) in base 4?
3
What is -101 (base 2) in base 14?
-5
a3 (base 11) to base 10
113
-320 (base 4) to base 14
-40
Convert 2 (base 8) to base 4.
2
-5 (base 10) to base 4
-11
1 (base 5) to base 9
1
What is 33 (base 15) in base 11?
44
Convert 6a (base 11) to base 16.
4c
Convert 153 (base 14) to base 16.
10d
Convert 2 (base 4) to base 13.
2
What is 2 (base 10) in base 13?
2
52 (base 10) to base 6
124
Convert 1 (base 9) to base 10.
1
What is -1 (base 15) in base 4?
-1
What is -2 (base 11) in base 4?
-2
-7 (base 11) to base 8
-7
Convert -74 (base 8) to base 12.
-50
What is -251 (base 6) in base 16?
-67
Convert -11 (base 2) to base 3.
-10
Convert -5 (base 10) to base 7.
-5
Convert -2 (base 4) to base 16.
-2
6 (base 15) to base 2
110
Convert -100 (base 2) to base 6.
-4
2 (base 10) to base 12
2
Convert -6 (base 8) to base 14.
-6
322 (base 7) to base 10
163
1a7 (base 11) to base 3
22211
-12 (base 4) to base 8
-6
-4 (base 6) to base 4
-10
Convert 3 (base 7) to base 8.
3
What is -30 (base 8) in base 3?
-220
-10 (base 8) to base 16
-8
Convert a (base 11) to base 8.
12
1210 (base 4) to base 12
84
What is -8 (base 14) in base 7?
-11
Convert 5 (base 15) to base 4.
11
What is -25 (base 6) in base 3?
-122
4 (base 9) to base 16
4
Convert 55 (base 10) to base 8.
67
What is -20 (base 8) in base 10?
-16
12 (base 12) to base 6
22
Convert -16 (base 14) to base 3.
-202
111 (base 2) to base 7
10
311 (base 5) to base 9
100
Convert -33 (base 11) to base 12.
-30
-a (base 16) to base 2
-1010
-72 (base 13) to base 14
-69
1 (base 14) to base 15
1
What is -3 (base 9) in base 3?
-10
Convert 1021 (base 3) to base 4.
202
What is 13 (base 8) in base 16?
b
Convert -110012 (base 3) to base 16.
-149
What is -26 (base 7) in base 2?
-10100
Convert 1102 (base 4) to base 13.
64
Convert -41 (base 6) to base 10.
-25
What is 5 (base 15) in base 6?
5
Convert 22 (base 4) to base 13.
a
Convert -3 (base 9) to base 4.
-3
Convert 0 (base 8) to base 15.
0
-7 (base 12) to base 11
-7
Convert -21 (base 16) to base 5.
-113
What is 139 (base 10) in base 4?
2023
-1010 (base 2) to base 6
-14
Convert -1c (base 16) to base 9.
-31
Convert 2 (base 14) to base 10.
2
-16 (base 12) to base 15
-13
What is 621 (base 7) in base 12?
219
-11 (base 3) to base 15
-4
-2 (base 6) to base 2
-10
What is 17 (base 14) in base 3?
210
Convert 2 (base 7) to base 8.
2
-111211 (base 3) to base 10
-373
-1020 (base 5) to base 13
-a5
Convert 12 (base 3) to base 14.
5
What is 10 (base 3) in base 8?
3
What is 3 (base 8) in base 11?
3
-2103 (base 4) to base 7
-300
What is 2 (base 5) in base 3?
2
What is 2221 (base 4) in base 16?
a9
What is 11 (base 15) in base 11?
15
Convert -231 (base 5) to base 14.
-4a
Convert 0 (base 4) to base 11.
0
-15 (base 6) to base 3
-102
What is -130 (base 4) in base 8?
-34
What is 1012 (base 3) in base 8?
40
What is -4 (base 16) in base 4?
-10
What is -6 (base 7) in base 3?
-20
What is 10111 (base 2) in base 4?
113
What is 313 (base 5) in base 9?
102
What is -40 (base 9) in base 5?
-121
Convert -6 (base 16) to base 9.
-6
What is 0 (base 9) in base 11?
0
What is 72 (base 9) in base 4?
1001
-9 (base 13) to base 15
-9
What is 10011 (base 2) in base 3?
201
-3 (base 8) to base 13
-3
Convert 67 (base 8) to base 7.
106
Convert -4 (base 15) to base 11.
-4
What is -9 (base 14) in base 8?
-11
-220 (base 4) to base 8
-50
11000 (base 2) to base 16
18
Convert 0 (base 15) to base 12.
0
-104 (base 6) to base 3
-1111
2 (base 8) to base 5
2
Convert -11002 (base 3) to base 2.
-1101110
What is 7 (base 11) in base 14?
7
1 (base 3) to base 11
1
What is 26 (base 7) in base 5?
40
What is -31 (base 10) in base 15?
-21
-1222 (base 3) to base 13
-41
Convert 3 (base 8) to base 2.
11
What is 10101 (base 2) in base 11?
1a
What is 12 (base 16) in base 9?
20
Convert -5 (base 15) to base 13.
-5
Convert -a (base 13) to base 5.
-20
Convert -12 (base 10) to base 3.
-110
What is 10 (base 5) in base 11?
5
What is -12a (base 12) in base 3?
-20121
Convert 6d (base 16) to base 3.
11001
Convert -24 (base 10) to base 7.
-33
What is 1012 (base 3) in base 5?
112
What is 1a1 (base 12) in base 9?
324
Convert 3 (base 13) to base 6.
3
Convert 21 (base 3) to base 8.
7
Convert -22 (base 13) to base 5.
-103
4 (base 15) to base 5
4
Convert 3 (base 4) to base 3.
10
Convert -2d (base 15) to base 10.
-43
Convert 3 (base 8) to base 12.
3
What is -11 (base 8) in base 10?
-9
Convert 2 (base 4) to base 5.
2
What is -1210 (base 4) in base 15?
-6a
120 (base 10) to base 2
1111000
What is 4 (base 13) in base 4?
10
-52 (base 8) to base 5
-132
Convert -35 (base 13) to base 7.
-62
What is a (base 16) in base 11?
a
Convert 1 (base 9) to base 7.
1
What i